Let g = -8 - -38. Let l = -258 - -264. Calculate the greatest common divisor of g and l.
6
Let l = -18 - -11. Let o(q) be the first derivative of -q**3/3 - 15*q**2/2 + 9*q - 1. Let s be o(l). What is the highest common divisor of s and 13?
13
Let v(x) = -2*x**3 + 30*x**2 + 5*x + 27. Let k be v(13). What is the greatest common divisor of k and 24?
24
Let w(j) = 7*j - 288. Let k be w(49). What is the highest common divisor of 451 and k?
11
Let i = 14 - -1. Let r = 128 - 53. What is the highest common factor of r and i?
15
Let k(w) = 5 + w**3 + 7*w + 8*w**2 + 0*w - 18*w + 7*w. Let y be k(-7). Calculate the greatest common factor of 41 and y.
41
Let g = 480 - 96. What is the highest common divisor of 12 and g?
12
Suppose -281 = -2*b - 193. Calculate the greatest common factor of b and 132.
44
Suppose 162 = k - q, -3 = -2*q + q. Let v = 129 - 96. Calculate the highest common divisor of k and v.
33
Suppose -2*g = m - 12, 5*m + 10 = 3*g + 96. Suppose -192 = -2*s - 2*s. What is the highest common divisor of s and m?
16
Let r(q) = q**2 + 64*q + 349. Let f be r(-6). Let y = -7 - -8. What is the greatest common divisor of f and y?
1
Let h = 6 + -7. Let l = h + 3. Suppose -3*r + 7 = -2*q, -45 + 32 = -5*r + 4*q. Calculate the highest common divisor of l and r.
1
Suppose -4*g = 2*x - 2*g - 258, -5*x = 3*g - 639. Calculate the highest common divisor of x and 36.
18
Let u be 150/(-12)*(-12)/15. What is the highest common divisor of 250 and u?
10
Let t(v) = 7*v + 66. Let i be t(-8). What is the greatest common divisor of 85 and i?
5
Suppose -8020*g + 8015*g = -6435. Calculate the greatest common factor of g and 66.
33
Let h be 18/(-24) + (-553)/(-28). Let a be 0/(2 + -5) - -3. Suppose -4 = a*r - 7*r, 0 = 3*l - 3*r - 111. What is the greatest common factor of l and h?
19
Suppose j + j = 0. Let o be (-1 - j) + 8 + -4. Suppose -3*u - 4*p = -86, -3*u - o*p - 19 + 100 = 0. What is the greatest common factor of u and 242?
22
Let o(s) = -s + 7. Let u be o(6). Let d be (0/1 - u)*-2. Suppose -d*h = -2*t + 14, -4*h + h + 51 = 3*t. Calculate the highest common divisor of 132 and t.
12
Let w = -2049 - -2067. What is the greatest common factor of 666 and w?
18
Suppose -228 = -7*l - 5*l. Calculate the highest common divisor of 133 and l.
19
Let j(f) = -f**2 + 13*f. Let t be j(11). Let r = 30 + t. What is the greatest common divisor of 39 and r?
13
Suppose -1 = j - 3. Suppose 0 = -j*q + t - 50, -2*q - 5*t + 58 = -4*q. Let i = q - -44. Calculate the highest common factor of 4 and i.
4
Let b(o) = o**3 + 27*o**2 - 17*o - 83. Let g be b(-27). Calculate the highest common divisor of 20 and g.
4
Let p = -599 - -932. Suppose -3*g = -3*h + p, -99 - 8 = -h - 3*g. Calculate the greatest common divisor of 44 and h.
22
Let s(d) = -d**3 - 11*d**2 + 13*d + 15. Let n be s(-12). Let y be (22/4)/(1*n/114). What is the highest common factor of 19 and y?
19
Let d(g) = -g. Let n(o) = o. Let l(x) = -6*d(x) - 7*n(x). Let c be l(-3). Calculate the greatest common factor of c and 3.
3
Suppose 5*l + 46 = 7*l. Suppose j - 89 = l. Let h(p) = p**2 + 4*p - 5. Let m be h(-7). Calculate the greatest common factor of m and j.
16
Suppose 0 = 6*a - 3*a - 225. Suppose -17*x + 14*x = -a. Calculate the greatest common divisor of x and 15.
5
Suppose o = -3*o + 112. Let l be -10*(-392)/16 + 7. Calculate the greatest common divisor of l and o.
28
Let y(v) = -v**3 + 24*v**2 - 17*v + 51. Let t be y(23). What is the greatest common factor of t and 126?
63
Let f = 99 - 94. Suppose 172 = f*j - 3*j + 2*k, -3*j + 4*k = -244. What is the highest common divisor of j and 210?
42
Let n = 25 - 9. Let s(f) = 136*f + 1984. Let z be s(-14). Calculate the highest common factor of n and z.
16
Let s be 1845/3 - 4 - (-4 - 1). What is the greatest common factor of s and 56?
56
Let l be 4/((-4)/3) + 29. Suppose 8 - l = -3*d. Suppose -g + 4*w = d, 0 = g + w - 3*w. Calculate the greatest common factor of g and 66.
6
Let r be 10 + (-6 - 2)/4. Suppose -3*i - r*p + 5*p = -87, 2*i = -4*p + 56. What is the greatest common factor of i and 10?
10
Suppose 2*m - 3*m - 1 = 0. Let y be (22/(-33))/(m - 17/(-18)). What is the greatest common divisor of 30 and y?
6
Let u(k) = k**2 - 13. Let h be u(-7). Calculate the highest common factor of h and 9.
9
Let j be (2/(-16))/(-1) + (-36948)/(-96). Calculate the greatest common factor of 105 and j.
35
Let h be 100/(-60) - (-317)/3. Calculate the greatest common divisor of h and 117.
13
Let l(p) be the first derivative of p**4/4 - p**3/3 - p**2/2 + 10*p + 9. Let o be l(0). Calculate the highest common divisor of 90 and o.
10
Let q be (-994)/(-16) + -3 + (-184)/(-64). Calculate the greatest common factor of q and 217.
31
Let v = 221 - 206. Let u be (-476)/(-49) + (-4)/(-14). What is the greatest common factor of u and v?
5
Suppose 0 = 4*o - 5*x - 80, -2*x - 3 + 111 = 4*o. Calculate the greatest common divisor of o and 225.
25
Suppose 0 = 9*j - 6*j - 207. Suppose -171 = -5*d + j. Suppose 9 = i - 3. What is the highest common factor of i and d?
12
Suppose -20*g - 1488 = -23*g. What is the greatest common divisor of g and 62?
62
Let d = 347 + -341. Let h be 74*(-1 + 0/(-2)). Let j = h + 122. What is the highest common factor of d and j?
6
Let d(t) = 0 - 4*t - 3*t + 2*t + 1. Let n be d(-3). Suppose 3*p = 5*w - 705, 339 = 2*w + 3*p + 36. Calculate the greatest common divisor of n and w.
16
Let v be ((-1)/2)/((-5)/230). Let w = 6 - -42. Let h be ((-92)/8)/((-4)/w). Calculate the highest common divisor of h and v.
23
Let h(n) = n + 20. Let l = 3 + -12. Let z be h(l). Let s = -240 + 273. Calculate the greatest common factor of z and s.
11
Let p(o) = -271*o + 1. Let i be p(1). Let c be i/(-63)*(-1 + 8). Let s = -21 + c. What is the highest common divisor of s and 36?
9
Let t(q) = 2*q**2 + 2*q + 42. Let d be t(0). What is the greatest common factor of 21 and d?
21
Suppose m + 26*a + 12 = 21*a, -5*a = 5*m - 20. Calculate the greatest common divisor of m and 232.
8
Let d be (-108)/(8/(-2)) - -8. What is the greatest common divisor of d and 112?
7
Let c = -11 + 15. Suppose c*p - 543 = p. Let x = p - 100. What is the greatest common divisor of 9 and x?
9
Let k(a) = 22*a**2 + 3*a. Let s be k(-3). Let y(f) = 31*f - 13. Let j be y(2). Let o = j - 22. Calculate the highest common divisor of o and s.
27
Suppose 4*r + 4 = 0, 0 = -p + 6*p + 3*r + 8. Let y be 0 + -1 + (p - -16)/5. What is the highest common divisor of y and 2?
2
Let s(u) = -u**2 + 4*u. Let d be s(3). Suppose 4*y = -d*p + 8, 2*p - 5*y = 3*p + 1. Suppose -p - 8 = -2*a. Calculate the highest common factor of a and 2.
2
Let l(b) = 5*b**2 + 11*b + 310. Let h be l(15). Calculate the greatest common divisor of 40 and h.
40
Let r(k) = 57*k - 1585. Let u be r(28). Let i(p) = -2*p**3 - 7*p**2 + 2. Let d be i(-5). What is the greatest common divisor of d and u?
11
Let n = 127 + -17. Let p be 11/(-22) + (-22)/(-4). Suppose -30 = -p*f + 2*f. What is the highest common factor of f and n?
10
Suppose 3*s - 420 - 891 = 0. Calculate the greatest common factor of s and 23.
23
Let v(u) be the third derivative of -u**4/24 + 5*u**3/3 - 17*u**2. Let j be v(-4). Calculate the highest common divisor of j and 7.
7
Suppose 4*f = 6*m - 7*m + 72, 5*f = 4*m + 69. Suppose u = -26 + 247. Calculate the highest common factor of u and f.
17
Let o = -44 - -46. Suppose 2*h - 6 = o. What is the highest common factor of h and 10?
2
Suppose 3*p = 0, 0 = 5*y + 6*p - 3*p - 40. Let z(m) = 3*m**2 + m - 6. Let j be z(2). Suppose 0 = 5*t + 3 - j. What is the highest common factor of y and t?
1
Suppose -j = 1, 2*j + 3712 = 17*o - 12*o. Calculate the greatest common factor of 106 and o.
106
Let u be -6 + -14 + 14 - -8*157. Calculate the greatest common divisor of 100 and u.
50
Let z(n) = 2*n**3 - 22*n**2 - 25*n + 37. Let d be z(12). Calculate the greatest common divisor of 180 and d.
5
Suppose 0 = 4*c - c + 9. Let v(t) = 21*t**2 - 13. Let z be v(c). Let x be (2/1)/(-2) - -17. Calculate the highest common divisor of x and z.
16
Suppose 4*q = 2*q + 28. Suppose 2*o + 3*c + 18 = 0, 6 + 8 = -3*o + 2*c. Let u be o/(-2)*42/(-27)*-24. What is the highest common factor of u and q?
14
Suppose 4*l + 3*d + 1 = 0, 0*d - 3*d = -l - 4. Let v be (-18*3/(-12))/(l/(-8)). What is the highest common factor of 18 and v?
18
Su